468237.
101, 14537
List the prime factors of 704767.
7, 19, 757
What are the prime factors of 53719?
53719
What are the prime factors of 567668?
2, 141917
List the prime factors of 2338533.
3, 259837
What are the prime factors of 504225?
3, 5, 83
What are the prime factors of 871530?
2, 3, 5, 11, 19, 139
List the prime factors of 146782.
2, 79, 929
What are the prime factors of 10617205?
5, 79, 26879
List the prime factors of 14693577.
3, 4897859
List the prime factors of 845346.
2, 3, 140891
What are the prime factors of 933575?
5, 107, 349
What are the prime factors of 217512?
2, 3, 19, 53
List the prime factors of 528930.
2, 3, 5, 653
List the prime factors of 28503178.
2, 11, 571, 2269
What are the prime factors of 4236703?
4236703
List the prime factors of 226972.
2, 179, 317
List the prime factors of 4685242.
2, 47, 49843
List the prime factors of 17110808.
2, 11, 13, 14957
List the prime factors of 103635.
3, 5, 7, 47
List the prime factors of 338261.
7, 11, 23, 191
What are the prime factors of 162939?
3, 7, 7759
What are the prime factors of 279107?
79, 3533
List the prime factors of 721531.
17, 42443
What are the prime factors of 191281?
191281
What are the prime factors of 3251998?
2, 17, 101, 947
List the prime factors of 1544873.
11, 140443
List the prime factors of 32965575.
3, 5, 439541
What are the prime factors of 300544?
2, 587
List the prime factors of 4375664.
2, 17, 16087
What are the prime factors of 630129?
3, 41, 47, 109
List the prime factors of 956350.
2, 5, 31, 617
List the prime factors of 22834755.
3, 5, 31, 16369
List the prime factors of 348763.
348763
What are the prime factors of 835552?
2, 26111
What are the prime factors of 1214485?
5, 293, 829
List the prime factors of 507378.
2, 3, 103, 821
What are the prime factors of 158131?
31, 5101
List the prime factors of 7705634.
2, 1487, 2591
What are the prime factors of 241236?
2, 3, 6701
What are the prime factors of 14139463?
13, 173, 6287
What are the prime factors of 661073?
7, 94439
What are the prime factors of 78711?
3, 26237
List the prime factors of 11716966.
2, 5858483
What are the prime factors of 2281761?
3, 23, 73, 151
What are the prime factors of 1772138?
2, 886069
List the prime factors of 5764308.
2, 3, 11, 43669
What are the prime factors of 14803123?
14803123
List the prime factors of 397848.
2, 3, 11, 137
What are the prime factors of 1270622?
2, 53, 11987
List the prime factors of 16334553.
3, 73, 74587
List the prime factors of 5060039.
5060039
List the prime factors of 3014352.
2, 3, 11, 173
List the prime factors of 4854997.
7, 693571
What are the prime factors of 28692733?
71, 404123
What are the prime factors of 1167361?
13, 89797
What are the prime factors of 4455745?
5, 7, 61, 2087
List the prime factors of 6689710.
2, 5, 19, 137, 257
List the prime factors of 3277569.
3, 23, 47501
What are the prime factors of 8629866?
2, 3, 7, 68491
What are the prime factors of 496430?
2, 5, 11, 4513
List the prime factors of 17020447.
19, 895813
What are the prime factors of 4935646?
2, 353, 6991
What are the prime factors of 7793418?
2, 3, 271, 4793
List the prime factors of 10207933.
10207933
List the prime factors of 1023017.
19, 23, 2341
List the prime factors of 44347.
61, 727
What are the prime factors of 73526?
2, 97, 379
List the prime factors of 465735.
3, 5, 61, 509
What are the prime factors of 4741379?
1171, 4049
List the prime factors of 2601328.
2, 19, 43, 199
What are the prime factors of 41686604?
2, 113, 92227
List the prime factors of 512180.
2, 5, 25609
What are the prime factors of 995075?
5, 53, 751
What are the prime factors of 967046?
2, 483523
List the prime factors of 189496.
2, 23687
List the prime factors of 287518.
2, 7, 11, 1867
What are the prime factors of 421065?
3, 5, 3119
List the prime factors of 963832.
2, 17, 19, 373
List the prime factors of 105836.
2, 26459
What are the prime factors of 224592?
2, 3, 4679
What are the prime factors of 1311631?
41, 31991
List the prime factors of 1145606.
2, 7, 11, 43, 173
List the prime factors of 191797.
23, 31, 269
List the prime factors of 17785515.
3, 5, 11, 107791
What are the prime factors of 354629?
11, 103, 313
List the prime factors of 30404164.
2, 7, 1085863
List the prime factors of 6821755.
5, 1364351
What are the prime factors of 1161945?
3, 5, 19, 151
What are the prime factors of 155091?
3, 17, 3041
List the prime factors of 1083730.
2, 5, 29, 37, 101
List the prime factors of 32682523.
1697, 19259
List the prime factors of 9984688.
2, 7, 59, 1511
List the prime factors of 111543.
3, 37181
What are the prime factors of 213638?
2, 37, 2887
What are the prime factors of 146302?
2, 13, 17, 331
What are the prime factors of 3129269?
11, 13, 79, 277
What are the prime factors of 40463?
43, 941
What are the prime factors of 4682642?
2, 373, 6277
What are the prime factors of 212854?
2, 106427
List the prime factors of 4117063.
101, 40763
What are the prime factors of 274375?
5, 439
What are the prime factors of 283413?
3, 13, 43
What are the prime factors of 25784195?
5, 5156839
What are the prime factors of 7184745?
3, 5, 67, 2383
What are the prime factors of 15720?
2, 3, 5, 131
What are the prime factors of 6740653?
17, 396509
What are the prime factors of 16758072?
2, 3, 232751
List the prime factors of 151781.
7, 21683
What are the prime factors of 2277829?
1151, 1979
What are the prime factors of 27074?
2, 13537
List the prime factors of 763763.
7, 11, 13, 109
List the prime factors of 4585691.
11, 416881
List the prime factors of 18389676.
2, 3, 101, 15173
What are the prime factors of 102723?
3, 97, 353
What are the prime factors of 746024?
2, 93253
List the prime factors of 288757.
7, 71, 83
List the prime factors of 5855074.
2, 2927537
List the prime factors of 256545.
3, 5, 5701
List the prime factors of 1260225.
3, 5, 1867
List the prime factors of 2223131.
89, 24979
What are the prime factors of 16532371?
16532371
List the prime factors of 215344.
2, 43, 313
What are the prime factors of 17708022?
2, 3, 23, 42773
List the prime factors of 2536452.
2, 3, 70457
List the prime factors of 213835.
5, 42767
List the prime factors of 1680920.
2, 5, 42023
What are the prime factors of 1181303?
23, 51361
List the prime factors of 78146.
2, 41, 953
List the prime factors of 1068286.
2, 691, 773
List the prime factors of 5677821.
3, 761, 829
List the prime factors of 31475.
5, 1259
List the prime factors of 2484605.
5, 83, 5987
What are the prime factors of 91225?
5, 41, 89
What are the prime factors of 74689?
19, 3931
What are the prime factors of 7562477?
13, 581729
List the prime factors of 2039258.
2, 13, 41, 1913
List the prime factors of 166126.
2, 83063
List the prime factors of 277169.
277169
List the prime factors of 245270.
2, 5, 24527
What are the prime factors of 129038?
2, 7, 13, 709
List the prime factors of 6226269.
3, 7, 296489
What are the prime factors of 2791336?
2, 348917
List the prime factors of 349111.
7, 53, 941
List the prime factors of 2386321.
7, 340903
List the prime factors of 1774187.
37, 47951
What are the prime factors of 2652623?
2652623
List the prime factors of 492372.
2, 3, 47, 97
What are the prime factors of 2952885?
3, 5, 13, 19, 797
What are the prime factors of 970261?
970261
List the prime factors of 21595262.
2, 13, 830587
What are the prime factors of 928807?
11, 84437
List the prime factors of 18251598.
2, 3, 3041933
What are the prime factors of 725405?
5, 59, 2459
What are the prime factors of 287725?
5, 17, 677
What are the prime factors of 642695?
5, 173, 743
What are the prime factors of 205550?
2, 5, 4111
What are the prime factors of 158424?
2, 3, 7, 23, 41
What are the prime factors of 709296?
2, 3, 7, 2111
What are the prime factors of 30910?
2, 5, 11, 281
What are the prime factors of 68400?
2, 3, 5, 19
What are the prime factors of 144723?
3, 19, 2539
List the prime factors of 2419193.
7, 345599
What are the prime factors of 777219?
3, 449, 577
What are the prime factors of 38880237?
3, 11, 1178189
List the prime factors of 2419913.
2419913
List the prime factors of 2068950.
2, 3, 5, 13, 1061
List the prime factors of 11591730.
2, 3, 5, 37, 59
What are the prime factors of 1720227?
3, 573409
List the prime